{"version":"1.0","provider_name":"ALLEG\u00d3RIUM","provider_url":"https:\/\/allegorium.cafeblog.hu","author_name":"E. Frey","author_url":"https:\/\/allegorium.cafeblog.hu\/author\/freyeva70gmail-com1\/","title":"A REG\u00c9NY","html":"<p style=\"text-align: justify\">Az Alleg\u00f3rium c\u00edm\u0171 reg\u00e9nyt azoknak aj\u00e1nlom, akik m\u00e1r elj\u00e1tszottak a gondolattal, hogy nem vagyunk egyed\u00fcl, \u00e9s az idegenek nem az \u0171rb\u0151l \u00e9rkeznek, hanem a kezdetekt\u0151l k\u00f6zt\u00fcnk \u00e9lnek.<\/p>\r\n<p style=\"text-align: justify\">Szeretem a klasszikus v\u00e1mp\u00edrokr\u00f3l sz\u00f3l\u00f3 t\u00f6rt\u00e9neteket, \u00e9s az\u00f3ta foglalkoztatnak ezek a titokzatos l\u00e9nyek, mi\u00f3ta el\u0151sz\u00f6r hallottam a filmbeli Drakula gr\u00f3fr\u00f3l.<\/p>\r\n<p style=\"text-align: justify\">A reg\u00e9ny szerepl\u0151it a legegyszer\u0171bb v\u00e1mp\u00edroknak nevezni, \u00e9n m\u00e9gsem haszn\u00e1lom ezt a kifejez\u00e9st, mert a h\u0151seim t\u00e1vol \u00e1llnak a divatos v\u00e1mp\u00edr\u00e1br\u00e1zol\u00e1st\u00f3l. Nem szeretem ezeket a t\u00falidealiz\u00e1lt alakokat, ez\u00e9rt tudatosan szembe helyezkedtem a f\u0151 ir\u00e1nyvonallal. Olvas\u00f3k\u00e9nt irrit\u00e1l a sz\u00e9p-sikeres-gazdag-mindenhat\u00f3 komb\u00f3, \u00edr\u00f3k\u00e9nt pedig nem tudok mit kezdeni az ilyen karakterekkel.<\/p>\r\n<p style=\"text-align: justify\">A h\u0151seim M\u00e1sf\u00e9l\u00e9nek nevezik magukat, a v\u00e1mp\u00edr sz\u00e1mukra szitoksz\u00f3.<\/p>\r\n<p style=\"text-align: justify\">Minden legend\u00e1nak van egy ered\u0151je, \u00e9s a \u201ev\u00e1mp\u00edrs\u00e1g\u201d sok hasonl\u00f3s\u00e1got mutat n\u00e9h\u00e1ny val\u00f3di betegs\u00e9ggel. Ezt felhaszn\u00e1ltam a t\u00f6rt\u00e9netben, de elgondolkoztam, hogy mi lenne, ha a r\u00f3luk sz\u00f3l\u00f3 mes\u00e9knek nemcsak a porf\u00edria lenne a val\u00f3s\u00e1galapja, hanem val\u00f3ban k\u00f6zt\u00fcnk \u00e9lne egy faj, akikr\u0151l az emberek megalkothatt\u00e1k volna a legend\u00e1t.<\/p>\r\n<p style=\"text-align: justify\">A M\u00e1sf\u00e9l\u00e9k a mi \u00e1larcainkat viselik. K\u00e9pess\u00e9geik a sapiensek f\u00f6l\u00e9 emelik \u0151ket, de a benn\u00fck \u00e9l\u0151 apr\u00f3 ember \u00e9ppolyan gyarl\u00f3, amilyenek mi vagyunk. A m\u00falt sebei, a f\u00e9lelem l\u00e9lektorz\u00edt\u00f3 ereje \u00e9s egy alkalmatlan vezet\u0151 hatalomv\u00e1gya farag a szerelemb\u0151l fegyvert, a gy\u00f3gy\u00edt\u00f3b\u00f3l gyilkost, \u00e9s a sz\u00fcrke kisemberb\u0151l h\u0151st. A reg\u00e9nyben bemutatom, hogy mi t\u00f6rt\u00e9nhet a k\u00fcl\u00f6nc\u00f6kkel, a sorb\u00f3l kil\u00f3g\u00f3kkal; a m\u00e1sokkal egy olyan vil\u00e1gban, ahol az \u201e\u00e9lni \u00e9s \u00e9lni hagyni\u201d elve kikopott a k\u00f6ztudatb\u00f3l, a gy\u0171l\u00f6let pedig emberi sz\u00fcks\u00e9glett\u00e9 v\u00e1lt.<\/p>\r\n<p>&nbsp;<\/p>\r\n<p style=\"text-align: center\">A t\u00f6rt\u00e9net Rostockban, Helsinkiben \u00e9s Szentp\u00e9terv\u00e1ron j\u00e1tsz\u00f3dik. Ez a k\u00e9p egy jelenetet ihletett.<\/p>\r\n<p><img class=\"size-medium wp-image-25 aligncenter\" src=\"https:\/\/allegorium.cafeblog.hu\/files\/2018\/03\/tet\u0151terasz1-300x286.jpg\" alt=\"\" width=\"300\" height=\"286\" \/><\/p>\r\n<p style=\"text-align: center\">(Forr\u00e1s: Pinterest)<\/p>\r\n<p>\"Inessza hajnal n\u00e9gykor m\u00e1r a kis teraszon \u00fcld\u00f6g\u00e9lt, \u00e9s a k\u00e1v\u00e9j\u00e1t kortyolta. Napszem\u00fcveg\u00e9n \u00e1t n\u00e9zte a tompa f\u00e9nybe dermedt v\u00e1ros sz\u00ednes kupol\u00e1it \u00e9s viharvert h\u00e1ztet\u0151it. Ha otthon t\u00f6lt\u00f6tte az \u00e9jszak\u00e1t, akkor itt kezdte a napot. A lak\u00e1s feletti tet\u0151t\u00e9r terasza keletre n\u00e9zett, \u00e9s akkora volt, hogy egy kerek kisasztal a hozz\u00e1 val\u00f3 sz\u00e9kekkel \u00e9ppen elf\u00e9rt rajta. A kopott asztallapon cserepes n\u00f6v\u00e9ny bontogatta bord\u00f3 vir\u00e1gait. Ezt Sigur hozta egy kor\u00e1bbi l\u00e1togat\u00e1sa alkalm\u00e1val.\"<\/p>\r\n<p>&nbsp;<\/p>\r\n<p style=\"text-align: right\">Frey \u00c9va<\/p>","type":"rich","thumbnail_url":"https:\/\/allegorium.cafeblog.hu\/files\/2018\/05\/tet\u0151terasz1-300x286-150x150.jpg","thumbnail_width":150,"thumbnail_height":150}

ALLEGÓRIUM

A REGÉNY

<p style="text-align: justify">Az Allegórium című regényt azoknak ajánlom, akik már eljátszottak a gondolattal, hogy nem vagyunk egyedül, és az idegenek nem az űrből érkeznek, hanem a kezdetektől köztünk élnek.</p>
<p style="text-align: justify">Szeretem a klasszikus vámpírokról szóló történeteket, és azóta foglalkoztatnak ezek a titokzatos lények, mióta először hallottam a filmbeli Drakula grófról.</p>
<p style="text-align: justify">A regény szereplőit a legegyszerűbb vámpíroknak nevezni, én mégsem használom ezt a kifejezést, mert a hőseim távol állnak a divatos vámpírábrázolástól. Nem szeretem ezeket a túlidealizált alakokat, ezért tudatosan szembe helyezkedtem a fő irányvonallal. Olvasóként irritál a szép-sikeres-gazdag-mindenható kombó, íróként pedig nem tudok mit kezdeni az ilyen karakterekkel.</p>
<p style="text-align: justify">A hőseim Másfélének nevezik magukat, a vámpír számukra szitokszó.</p>
<p style="text-align: justify">Minden legendának van egy eredője, és a „vámpírság” sok hasonlóságot mutat néhány valódi betegséggel. Ezt felhasználtam a történetben, de elgondolkoztam, hogy mi lenne, ha a róluk szóló meséknek nemcsak a porfíria lenne a valóságalapja, hanem valóban köztünk élne egy faj, akikről az emberek megalkothatták volna a legendát.</p>
<p style="text-align: justify">A Másfélék a mi álarcainkat viselik. Képességeik a sapiensek fölé emelik őket, de a bennük élő apró ember éppolyan gyarló, amilyenek mi vagyunk. A múlt sebei, a félelem lélektorzító ereje és egy alkalmatlan vezető hatalomvágya farag a szerelemből fegyvert, a gyógyítóból gyilkost, és a szürke kisemberből hőst. A regényben bemutatom, hogy mi történhet a különcökkel, a sorból kilógókkal; a másokkal egy olyan világban, ahol az „élni és élni hagyni” elve kikopott a köztudatból, a gyűlölet pedig emberi szükségletté vált.</p>
<p>&nbsp;</p>
<p style="text-align: center">A történet Rostockban, Helsinkiben és Szentpéterváron játszódik. Ez a kép egy jelenetet ihletett.</p>
<p><img class="size-medium wp-image-25 aligncenter" src="https://allegorium.cafeblog.hu/files/2018/03/tetőterasz1-300x286.jpg" alt="" width="300" height="286" /></p>
<p style="text-align: center">(Forrás: Pinterest)</p>
<p>"Inessza hajnal négykor már a kis teraszon üldögélt, és a kávéját kortyolta. Napszemüvegén át nézte a tompa fénybe dermedt város színes kupoláit és viharvert háztetőit. Ha otthon töltötte az éjszakát, akkor itt kezdte a napot. A lakás feletti tetőtér terasza keletre nézett, és akkora volt, hogy egy kerek kisasztal a hozzá való székekkel éppen elfért rajta. A kopott asztallapon cserepes növény bontogatta bordó virágait. Ezt Sigur hozta egy korábbi látogatása alkalmával."</p>
<p>&nbsp;</p>
<p style="text-align: right">Frey Éva</p>

https://allegorium.cafeblog.hu/files/2018/05/tetőterasz1-300x286-150x150.jpg
